{"id":26,"date":"2024-07-15T12:20:33","date_gmt":"2024-07-15T12:20:33","guid":{"rendered":"https:\/\/intercultural-festival.de\/?page_id=26"},"modified":"2026-04-29T11:30:14","modified_gmt":"2026-04-29T11:30:14","slug":"21-09-2024-intercultural-festival","status":"publish","type":"page","link":"https:\/\/intercultural-festival.de\/","title":{"rendered":"Intercultural Festival 2026"},"content":{"rendered":"\n<p class=\"has-text-align-center\"><strong>29.04. 2026 &#8211; Das Intercultural Festival kommt zur\u00fcck!<\/strong><\/p>\n\n\n\n<p><strong>Save the Date:<\/strong><\/p>\n\n\n\n<p>11.\u201312. September 2026<\/p>\n\n\n\n<p>Internationaler Garten Mei\u00dfen \u2013 Gro\u00dfenhainerstra\u00dfe 161<\/p>\n\n\n\n<p>Wir machen weiter \u2013 und freuen uns auf zwei neue Tage voller Musik, Begegnung und Vielfalt!<\/p>\n\n\n\n<p><strong>Freut euch auf:<\/strong><\/p>\n\n\n\n<ul class=\"wp-block-list\">\n<li>Live-Musik von Punk bis Weltmusik<\/li>\n\n\n\n<li>Workshops &amp; Mitmachangebote<\/li>\n\n\n\n<li>Austausch, Diskussionen &amp; Begegnungen<\/li>\n\n\n\n<li>Internationale K\u00fcche<\/li>\n\n\n\n<li>Kultur, Aktionen und weitere Programmpunkte in Planung<\/li>\n<\/ul>\n\n\n\n<p>Zwei Tage, die wieder ein Zeichen setzen f\u00fcr Offenheit, Solidarit\u00e4t und gelebte Vielfalt.<\/p>\n\n\n\n<p><strong>Ihr wollt dabei sein?<\/strong><\/p>\n\n\n\n<p>Ihr seid K\u00fcnstler*innen, habt Lust einen Workshop anzubieten oder wollt uns bei der Durchf\u00fchrung unterst\u00fctzen?<\/p>\n\n\n\n<p>Meldet euch bei uns \u2013 wir freuen uns \u00fcber Ideen, Mitwirkung und neue Gesichter!<\/p>\n\n\n\n<p><strong>E-Mail:<\/strong> <a href=\"mailto:info@buntes-meissen.de\">info@buntes-meissen.de<\/a><\/p>\n\n\n\n<p>Wir freuen uns jetzt schon riesig auf euch!<\/p>\n\n\n\n<p>01.10.2025 &#8211; Unser Intercultural Festival 2025 liegt nun schon ein paar Tage zur\u00fcck \u2013 die Abbauarbeiten sind abgeschlossen, aber wir sind immer noch voller Energie und Begeisterung!<\/p>\n\n\n\n<p>\ud83c\udfb6 Tolles Publikum, gro\u00dfartige G\u00e4ste und fantastische Bands \u2013 ihr habt das Festival zu einem unvergesslichen Erlebnis gemacht.<br>\ud83d\ude4f Danke an alle Helfer*innen, die vor Ort mit angepackt haben, und an unsere F\u00f6rderer, ohne deren Unterst\u00fctzung dieses Festival nicht m\u00f6glich gewesen w\u00e4re.<\/p>\n\n\n\n<p>Wir sind dankbar und stolz auf zwei Tage voller Musik, Begegnungen, Workshops, Diskussionen und gelebter Zivilcourage.<\/p>\n\n\n\n<p>\ud83d\udca1 Save the Date: 2026 gibt es eine Wiederholung \u2013 wir freuen uns schon jetzt auf euch!<\/p>\n\n\n\n<p>10.09.2025 &#8211; \u23f3 Noch 2 Tage bis zum Intercultural Festival 2025! \ud83c\udf0d\ud83c\udf89<\/p>\n\n\n\n<p>\ud83c\udfa4 Freitag geht\u2019s los!<br>\ud83d\udd39 Festival-Er\u00f6ffnung durch Kassem Taher Saleh (MdB, Gr\u00fcne)<br>\ud83d\udd39 Live-Musik auf der Hauptb\u00fchne<br>\ud83d\udd39 Ab 18:00 Uhr: B\u00fchne Lichtzentrale organisiert vom TNA Kollektiv Dresden \ud83c\udfb6<\/p>\n\n\n\n<p>\ud83d\udcc5 Samstag gibt\u2019s unser volles Rahmenprogramm:<br>\ud83d\udd5a 11\u201312 Uhr Workshop: \u201eFremd? Vertraut! Eine kleine Entdeckungsreise\u201c mit Elke Siebert (Coach, B\u00fcndnis 90\/Die Gr\u00fcnen Mei\u00dfen)<br>\ud83d\udd5b 12:00 Uhr Wohnzimmerzelt mit Omas gegen Rechts<br>\ud83c\udfa8 13:00 Uhr Graffiti-Workshop mit Utopia.Sevenhells f\u00fcr Gro\u00df &amp; Klein<br>\ud83c\udfb2 12:30 &amp; 15:30 Uhr: Oh! wie Osten \u2013 Das Gesellschaftsspiel, das verbindet<br>\ud83d\udcac 16:00 Uhr: Podiumsdiskussion \u201e10 Jahre Brandanschlag \u2013 10 Jahre Buntes Mei\u00dfen\u201c<\/p>\n\n\n\n<p>09.09.2025 &#8211; \u23f3 Nur noch 3 Tage bis zum Intercultural Festival 2025! \ud83c\udf89Leider haben wir auch eine schlechte Nachricht: \ud83d\udc94&nbsp;<a href=\"https:\/\/www.instagram.com\/la.rey\/\">@la.rey<\/a>&nbsp;kann aus gesundheitlichen Gr\u00fcnden nicht auftreten. Wir w\u00fcnschen gute Besserung und eine schnelle Genesung! \ud83c\udf40\u2728 \ud83d\udc49 Dadurch gibt es einen neuen <a href=\"https:\/\/intercultural-festival.de\/index.php\/running-order-ablaufplan\/\">Zeitplan f\u00fcr Samstag<\/a>, den wir euch heute vorstellen.<\/p>\n\n\n\n<p>04.09.2025 &#8211; Nicht mehr lange, dann steigt es! Unser Intercultural Festival 2025 r\u00fcckt n\u00e4her und wir k\u00f6nnen es kaum erwarten, euch zu begr\u00fc\u00dfen! Genaue <a href=\"https:\/\/intercultural-festival.de\/index.php\/running-order-ablaufplan\/\">Auftrittszeiten <\/a>&amp; <a href=\"https:\/\/intercultural-festival.de\/index.php\/uebersicht-festival-gelaende\/\">Lageplan<\/a> sind fertig!<\/p>\n\n\n\n<p>26.08.2025 &#8211; Kassem Taher Saleh er\u00f6ffnet unser Festival!<br>\ud83c\udf89 Wir freuen uns auf einen besonderen Festivalstart! \ud83c\udf89<\/p>\n\n\n\n<p>Am 12. September er\u00f6ffnet Kassem Taher Saleh (MdB, B\u00fcndnis 90\/Die Gr\u00fcnen) offiziell unser 5. Intercultural Festival in Mei\u00dfen!<\/p>\n\n\n\n<p>Kassem Taher Saleh sagt dazu:<\/p>\n\n\n\n<p>\u201eIch bedanke mich f\u00fcr die Einladung und freue mich, das 5. Intercultural Festival in Mei\u00dfen er\u00f6ffnen zu k\u00f6nnen. Die Organisatorinnen haben ein super Programm vorbereitet \u2013 viel gute Musik, aber auch Workshops und leckeres Essen. Hier setzt ihr ein Zeichen f\u00fcr Offenheit, Fr\u00f6hlichkeit und Neugier. Kommt her, trefft euch und feiert das Bunte Mei\u00dfen!\u201c<\/p>\n\n\n\n<p>12.08.2025 &#8211;  Die Entscheidung ist gefallen! \ud83c\udf89<\/p>\n\n\n\n<p>Der Gewinner des freien Slots am Freitag beim Intercultural Festival 2025 steht fest \u2013 und es gibt sogar eine \u00dcberraschung: Wir haben 2 Gewinner! \ud83d\ude4c<\/p>\n\n\n\n<p>Am 12.09. rocken bei uns auf der B\u00fchne:<br>\ud83d\udd25&nbsp;<a href=\"https:\/\/www.instagram.com\/missetat_band\/\">@missetat_band<\/a>&nbsp;(Dresden)<br>\ud83d\udd25&nbsp;<a href=\"https:\/\/www.instagram.com\/bydsmusic\/\">@bydsmusic<\/a>&nbsp;(Berlin)<\/p>\n\n\n\n<p>Vielen Dank an alle, die sich beworben haben \u2013 die Auswahl war alles andere als leicht! \u2764\ufe0f<\/p>\n\n\n\n<p>Damit ist unser Line-up komplett \u2013 jetzt hei\u00dft es: Kommt vorbei, feiert mit uns, unterst\u00fctzt das Festival! \ud83c\udfb6\ud83c\udf0d<\/p>\n\n\n\n<p>Freut euch auf:<br>\ud83c\udfb6 <strong>Zwei B\u00fchnen<\/strong> mit Live-Musik<br>\u26fa <strong>Camping<\/strong> direkt am Gel\u00e4nde<br>\ud83d\udef9 Einen spannenden <strong>Skatercontest<\/strong><br>\ud83d\udcac Eine <strong>Podiumsdiskussion<\/strong><br>\ud83c\udfa8 <strong>Workshops<\/strong> f\u00fcr Gro\u00df und Klein<br>&#8230;und noch viel mehr!<\/p>\n\n\n\n<p>In den n\u00e4chsten Tagen stellen wir euch die <strong>K\u00fcnstler*innen<\/strong> und <strong>Programmpunkte<\/strong> im Detail vor.<br>\ud83d\udcf2 Bleibt dran \u2013 es wird gro\u00dfartig!<\/p>\n\n\n\n<p>Wir k\u00f6nnen\u2019s kaum erwarten \u2013 <strong>kommt vorbei und feiert mit uns!<\/strong> \u2764\ufe0f\ud83c\udf0d<\/p>\n\n\n\n<p>26.09.2024 &#8211; Die vierte Ausgabe des Intercultural Festival ist vorbei und wir bedanken uns bei allen Beteiligten. In der Rubrik R\u00fcckblick findet ihr Fotos der Veranstaltung. Wir freuen uns auf die f\u00fcnfte Ausgabe im kommenden Jahr. Bilder: <a href=\"https:\/\/intercultural-festival.de\/index.php\/rueckblick\/2024-2\/\">2024 &#8211; Intercultural Festival (intercultural-festival.de)<\/a><\/p>\n\n\n\n<p>11.09.2024 &#8211; Unser Lineup ist nun vollst\u00e4ndig. Wir freuen uns auf Hyper Flame (Mei\u00dfen\/Potsdam &#8211; Rock) &#8211; <a href=\"https:\/\/intercultural-festival.de\/index.php\/programm-2024\/\">Programm 2024<\/a><\/p>\n\n\n\n<p>20.08.2024 &#8211; Neu dabei &#8211; <strong>Los Cumbiancheros<\/strong> &#8211; Wir freuen uns auf lateinamerikanische Kl\u00e4nge im Internationalen Garten Mei\u00dfen &#8211; <a href=\"https:\/\/intercultural-festival.de\/index.php\/programm-2024\/\">Programm 2024<\/a><\/p>\n\n\n\n<p>12.08.2024 &#8211; Weitere Bands und K\u00fcnstler best\u00e4tigt &#8211; <strong>Onetaek<\/strong>, <strong>Bad Ted<\/strong>, <strong>Generation Breakdown<\/strong> und <strong>Cushat <\/strong>&#8211; Skatercontest mit Preisen und Fingerboard Workshop in Zusammenarbeit mit&nbsp;der Skaterhalle Mei\u00dfen beim Festival!!! &#8211; <a href=\"https:\/\/intercultural-festival.de\/index.php\/programm-2024\/\">Programm 2024<\/a><\/p>\n\n\n\n<p>05.08.2024 &#8211; Die ersten Bands und K\u00fcnstler sind best\u00e4tigt. Wir freuen uns auf <strong>Soko Linx<\/strong>, <strong>Die Griffins<\/strong> und die <strong>farbwerkBand<\/strong> &#8211; <a href=\"https:\/\/intercultural-festival.de\/index.php\/programm-2024\/\">Programm 2024<\/a> &#8211; Auch gibt es nun genauere Informationen Allgemein zum Festival. In diesem Jahr ist auch das Zelten vor Ort m\u00f6glich! &#8211; <a href=\"https:\/\/intercultural-festival.de\/index.php\/allgemeine-informationen-tickets\/\">Allgemeine Informationen\/Tickets<\/a><\/p>\n","protected":false},"excerpt":{"rendered":"<p>29.04. 2026 &#8211; Das Intercultural Festival kommt zur\u00fcck! Save the Date: 11.\u201312. September 2026 Internationaler Garten Mei\u00dfen \u2013 Gro\u00dfenhainerstra\u00dfe 161 &hellip; <a href=\"https:\/\/intercultural-festival.de\/\" class=\"more-link\"><span class=\"more-button\">Continue Reading<span class=\"screen-reader-text\">Intercultural Festival 2026<\/span><\/span><\/a><\/p>\n","protected":false},"author":1,"featured_media":0,"parent":0,"menu_order":0,"comment_status":"closed","ping_status":"closed","template":"","meta":{"pgc_sgb_lightbox_settings":"","footnotes":""},"class_list":["post-26","page","type-page","status-publish","hentry"],"yoast_head":"<!-- This site is optimized with the Yoast SEO plugin v27.5 - https:\/\/yoast.com\/product\/yoast-seo-wordpress\/ -->\n<title>Intercultural Festival 2026 - Intercultural Festival<\/title>\n<meta name=\"robots\" content=\"index, follow, max-snippet:-1, max-image-preview:large, max-video-preview:-1\" \/>\n<link rel=\"canonical\" href=\"https:\/\/intercultural-festival.de\/\" \/>\n<meta property=\"og:locale\" content=\"de_DE\" \/>\n<meta property=\"og:type\" content=\"article\" \/>\n<meta property=\"og:title\" content=\"Intercultural Festival 2026 - Intercultural Festival\" \/>\n<meta property=\"og:description\" content=\"29.04. 2026 &#8211; Das Intercultural Festival kommt zur\u00fcck! Save the Date: 11.\u201312. September 2026 Internationaler Garten Mei\u00dfen \u2013 Gro\u00dfenhainerstra\u00dfe 161 &hellip; Continue ReadingIntercultural Festival 2026\" \/>\n<meta property=\"og:url\" content=\"https:\/\/intercultural-festival.de\/\" \/>\n<meta property=\"og:site_name\" content=\"Intercultural Festival\" \/>\n<meta property=\"article:modified_time\" content=\"2026-04-29T11:30:14+00:00\" \/>\n<meta name=\"twitter:card\" content=\"summary_large_image\" \/>\n<meta name=\"twitter:label1\" content=\"Gesch\u00e4tzte Lesezeit\" \/>\n\t<meta name=\"twitter:data1\" content=\"5\u00a0Minuten\" \/>\n<script type=\"application\/ld+json\" class=\"yoast-schema-graph\">{\"@context\":\"https:\\\/\\\/schema.org\",\"@graph\":[{\"@type\":\"WebPage\",\"@id\":\"https:\\\/\\\/intercultural-festival.de\\\/\",\"url\":\"https:\\\/\\\/intercultural-festival.de\\\/\",\"name\":\"Intercultural Festival 2026 - Intercultural Festival\",\"isPartOf\":{\"@id\":\"https:\\\/\\\/intercultural-festival.de\\\/#website\"},\"datePublished\":\"2024-07-15T12:20:33+00:00\",\"dateModified\":\"2026-04-29T11:30:14+00:00\",\"breadcrumb\":{\"@id\":\"https:\\\/\\\/intercultural-festival.de\\\/#breadcrumb\"},\"inLanguage\":\"de\",\"potentialAction\":[{\"@type\":\"ReadAction\",\"target\":[\"https:\\\/\\\/intercultural-festival.de\\\/\"]}]},{\"@type\":\"BreadcrumbList\",\"@id\":\"https:\\\/\\\/intercultural-festival.de\\\/#breadcrumb\",\"itemListElement\":[{\"@type\":\"ListItem\",\"position\":1,\"name\":\"Startseite\",\"item\":\"https:\\\/\\\/intercultural-festival.de\\\/\"},{\"@type\":\"ListItem\",\"position\":2,\"name\":\"Intercultural Festival 2026\"}]},{\"@type\":\"WebSite\",\"@id\":\"https:\\\/\\\/intercultural-festival.de\\\/#website\",\"url\":\"https:\\\/\\\/intercultural-festival.de\\\/\",\"name\":\"Intercultural Festival\",\"description\":\"2026\",\"potentialAction\":[{\"@type\":\"SearchAction\",\"target\":{\"@type\":\"EntryPoint\",\"urlTemplate\":\"https:\\\/\\\/intercultural-festival.de\\\/?s={search_term_string}\"},\"query-input\":{\"@type\":\"PropertyValueSpecification\",\"valueRequired\":true,\"valueName\":\"search_term_string\"}}],\"inLanguage\":\"de\"}]}<\/script>\n<!-- \/ Yoast SEO plugin. -->","yoast_head_json":{"title":"Intercultural Festival 2026 - Intercultural Festival","robots":{"index":"index","follow":"follow","max-snippet":"max-snippet:-1","max-image-preview":"max-image-preview:large","max-video-preview":"max-video-preview:-1"},"canonical":"https:\/\/intercultural-festival.de\/","og_locale":"de_DE","og_type":"article","og_title":"Intercultural Festival 2026 - Intercultural Festival","og_description":"29.04. 2026 &#8211; Das Intercultural Festival kommt zur\u00fcck! Save the Date: 11.\u201312. September 2026 Internationaler Garten Mei\u00dfen \u2013 Gro\u00dfenhainerstra\u00dfe 161 &hellip; Continue ReadingIntercultural Festival 2026","og_url":"https:\/\/intercultural-festival.de\/","og_site_name":"Intercultural Festival","article_modified_time":"2026-04-29T11:30:14+00:00","twitter_card":"summary_large_image","twitter_misc":{"Gesch\u00e4tzte Lesezeit":"5\u00a0Minuten"},"schema":{"@context":"https:\/\/schema.org","@graph":[{"@type":"WebPage","@id":"https:\/\/intercultural-festival.de\/","url":"https:\/\/intercultural-festival.de\/","name":"Intercultural Festival 2026 - Intercultural Festival","isPartOf":{"@id":"https:\/\/intercultural-festival.de\/#website"},"datePublished":"2024-07-15T12:20:33+00:00","dateModified":"2026-04-29T11:30:14+00:00","breadcrumb":{"@id":"https:\/\/intercultural-festival.de\/#breadcrumb"},"inLanguage":"de","potentialAction":[{"@type":"ReadAction","target":["https:\/\/intercultural-festival.de\/"]}]},{"@type":"BreadcrumbList","@id":"https:\/\/intercultural-festival.de\/#breadcrumb","itemListElement":[{"@type":"ListItem","position":1,"name":"Startseite","item":"https:\/\/intercultural-festival.de\/"},{"@type":"ListItem","position":2,"name":"Intercultural Festival 2026"}]},{"@type":"WebSite","@id":"https:\/\/intercultural-festival.de\/#website","url":"https:\/\/intercultural-festival.de\/","name":"Intercultural Festival","description":"2026","potentialAction":[{"@type":"SearchAction","target":{"@type":"EntryPoint","urlTemplate":"https:\/\/intercultural-festival.de\/?s={search_term_string}"},"query-input":{"@type":"PropertyValueSpecification","valueRequired":true,"valueName":"search_term_string"}}],"inLanguage":"de"}]}},"_links":{"self":[{"href":"https:\/\/intercultural-festival.de\/index.php\/wp-json\/wp\/v2\/pages\/26","targetHints":{"allow":["GET"]}}],"collection":[{"href":"https:\/\/intercultural-festival.de\/index.php\/wp-json\/wp\/v2\/pages"}],"about":[{"href":"https:\/\/intercultural-festival.de\/index.php\/wp-json\/wp\/v2\/types\/page"}],"author":[{"embeddable":true,"href":"https:\/\/intercultural-festival.de\/index.php\/wp-json\/wp\/v2\/users\/1"}],"replies":[{"embeddable":true,"href":"https:\/\/intercultural-festival.de\/index.php\/wp-json\/wp\/v2\/comments?post=26"}],"version-history":[{"count":32,"href":"https:\/\/intercultural-festival.de\/index.php\/wp-json\/wp\/v2\/pages\/26\/revisions"}],"predecessor-version":[{"id":423,"href":"https:\/\/intercultural-festival.de\/index.php\/wp-json\/wp\/v2\/pages\/26\/revisions\/423"}],"wp:attachment":[{"href":"https:\/\/intercultural-festival.de\/index.php\/wp-json\/wp\/v2\/media?parent=26"}],"curies":[{"name":"wp","href":"https:\/\/api.w.org\/{rel}","templated":true}]}}