{"id":331,"date":"2025-08-26T09:47:05","date_gmt":"2025-08-26T09:47:05","guid":{"rendered":"https:\/\/intercultural-festival.de\/?page_id=331"},"modified":"2026-04-29T10:50:27","modified_gmt":"2026-04-29T10:50:27","slug":"running-order-ablaufplan","status":"publish","type":"page","link":"https:\/\/intercultural-festival.de\/index.php\/running-order-ablaufplan\/","title":{"rendered":"Running Order &#8211; Ablaufplan"},"content":{"rendered":"\n<h3 class=\"wp-block-heading has-text-align-center\"><strong>11.09.2026<\/strong><\/h3>\n\n\n\n<p><strong>Einlass: 16:00 Uhr<\/strong><\/p>\n\n\n\n<h3 class=\"wp-block-heading has-text-align-center\">B\u00fchne 2<\/h3>\n\n\n\n<p><br><strong>Er\u00f6ffnung Festival: <\/strong>17:00 Uhr<\/p>\n\n\n\n<h3 class=\"wp-block-heading has-text-align-center\">12.09.2026<\/h3>\n\n\n\n<h3 class=\"wp-block-heading has-text-align-center\">Hauptb\u00fchne<\/h3>\n\n\n\n<h3 class=\"wp-block-heading has-text-align-center\">B\u00fchne 2<\/h3>\n\n\n\n<p><br><\/p>\n","protected":false},"excerpt":{"rendered":"<p>11.09.2026 Einlass: 16:00 Uhr B\u00fchne 2 Er\u00f6ffnung Festival: 17:00 Uhr 12.09.2026 Hauptb\u00fchne B\u00fchne 2<\/p>\n","protected":false},"author":1,"featured_media":0,"parent":0,"menu_order":0,"comment_status":"closed","ping_status":"closed","template":"","meta":{"pgc_sgb_lightbox_settings":"","footnotes":""},"class_list":["post-331","page","type-page","status-publish","hentry"],"yoast_head":"<!-- This site is optimized with the Yoast SEO plugin v27.5 - https:\/\/yoast.com\/product\/yoast-seo-wordpress\/ -->\n<title>Running Order - Ablaufplan - Intercultural Festival<\/title>\n<meta name=\"robots\" content=\"index, follow, max-snippet:-1, max-image-preview:large, max-video-preview:-1\" \/>\n<link rel=\"canonical\" href=\"https:\/\/intercultural-festival.de\/index.php\/running-order-ablaufplan\/\" \/>\n<meta property=\"og:locale\" content=\"de_DE\" \/>\n<meta property=\"og:type\" content=\"article\" \/>\n<meta property=\"og:title\" content=\"Running Order - Ablaufplan - Intercultural Festival\" \/>\n<meta property=\"og:description\" content=\"11.09.2026 Einlass: 16:00 Uhr B\u00fchne 2 Er\u00f6ffnung Festival: 17:00 Uhr 12.09.2026 Hauptb\u00fchne B\u00fchne 2\" \/>\n<meta property=\"og:url\" content=\"https:\/\/intercultural-festival.de\/index.php\/running-order-ablaufplan\/\" \/>\n<meta property=\"og:site_name\" content=\"Intercultural Festival\" \/>\n<meta property=\"article:modified_time\" content=\"2026-04-29T10:50:27+00:00\" \/>\n<meta name=\"twitter:card\" content=\"summary_large_image\" \/>\n<meta name=\"twitter:label1\" content=\"Gesch\u00e4tzte Lesezeit\" \/>\n\t<meta name=\"twitter:data1\" content=\"1\u00a0Minute\" \/>\n<script type=\"application\/ld+json\" class=\"yoast-schema-graph\">{\"@context\":\"https:\\\/\\\/schema.org\",\"@graph\":[{\"@type\":\"WebPage\",\"@id\":\"https:\\\/\\\/intercultural-festival.de\\\/index.php\\\/running-order-ablaufplan\\\/\",\"url\":\"https:\\\/\\\/intercultural-festival.de\\\/index.php\\\/running-order-ablaufplan\\\/\",\"name\":\"Running Order - Ablaufplan - Intercultural Festival\",\"isPartOf\":{\"@id\":\"https:\\\/\\\/intercultural-festival.de\\\/#website\"},\"datePublished\":\"2025-08-26T09:47:05+00:00\",\"dateModified\":\"2026-04-29T10:50:27+00:00\",\"breadcrumb\":{\"@id\":\"https:\\\/\\\/intercultural-festival.de\\\/index.php\\\/running-order-ablaufplan\\\/#breadcrumb\"},\"inLanguage\":\"de\",\"potentialAction\":[{\"@type\":\"ReadAction\",\"target\":[\"https:\\\/\\\/intercultural-festival.de\\\/index.php\\\/running-order-ablaufplan\\\/\"]}]},{\"@type\":\"BreadcrumbList\",\"@id\":\"https:\\\/\\\/intercultural-festival.de\\\/index.php\\\/running-order-ablaufplan\\\/#breadcrumb\",\"itemListElement\":[{\"@type\":\"ListItem\",\"position\":1,\"name\":\"Startseite\",\"item\":\"https:\\\/\\\/intercultural-festival.de\\\/\"},{\"@type\":\"ListItem\",\"position\":2,\"name\":\"Running Order &#8211; Ablaufplan\"}]},{\"@type\":\"WebSite\",\"@id\":\"https:\\\/\\\/intercultural-festival.de\\\/#website\",\"url\":\"https:\\\/\\\/intercultural-festival.de\\\/\",\"name\":\"Intercultural Festival\",\"description\":\"2026\",\"potentialAction\":[{\"@type\":\"SearchAction\",\"target\":{\"@type\":\"EntryPoint\",\"urlTemplate\":\"https:\\\/\\\/intercultural-festival.de\\\/?s={search_term_string}\"},\"query-input\":{\"@type\":\"PropertyValueSpecification\",\"valueRequired\":true,\"valueName\":\"search_term_string\"}}],\"inLanguage\":\"de\"}]}<\/script>\n<!-- \/ Yoast SEO plugin. -->","yoast_head_json":{"title":"Running Order - Ablaufplan - Intercultural Festival","robots":{"index":"index","follow":"follow","max-snippet":"max-snippet:-1","max-image-preview":"max-image-preview:large","max-video-preview":"max-video-preview:-1"},"canonical":"https:\/\/intercultural-festival.de\/index.php\/running-order-ablaufplan\/","og_locale":"de_DE","og_type":"article","og_title":"Running Order - Ablaufplan - Intercultural Festival","og_description":"11.09.2026 Einlass: 16:00 Uhr B\u00fchne 2 Er\u00f6ffnung Festival: 17:00 Uhr 12.09.2026 Hauptb\u00fchne B\u00fchne 2","og_url":"https:\/\/intercultural-festival.de\/index.php\/running-order-ablaufplan\/","og_site_name":"Intercultural Festival","article_modified_time":"2026-04-29T10:50:27+00:00","twitter_card":"summary_large_image","twitter_misc":{"Gesch\u00e4tzte Lesezeit":"1\u00a0Minute"},"schema":{"@context":"https:\/\/schema.org","@graph":[{"@type":"WebPage","@id":"https:\/\/intercultural-festival.de\/index.php\/running-order-ablaufplan\/","url":"https:\/\/intercultural-festival.de\/index.php\/running-order-ablaufplan\/","name":"Running Order - Ablaufplan - Intercultural Festival","isPartOf":{"@id":"https:\/\/intercultural-festival.de\/#website"},"datePublished":"2025-08-26T09:47:05+00:00","dateModified":"2026-04-29T10:50:27+00:00","breadcrumb":{"@id":"https:\/\/intercultural-festival.de\/index.php\/running-order-ablaufplan\/#breadcrumb"},"inLanguage":"de","potentialAction":[{"@type":"ReadAction","target":["https:\/\/intercultural-festival.de\/index.php\/running-order-ablaufplan\/"]}]},{"@type":"BreadcrumbList","@id":"https:\/\/intercultural-festival.de\/index.php\/running-order-ablaufplan\/#breadcrumb","itemListElement":[{"@type":"ListItem","position":1,"name":"Startseite","item":"https:\/\/intercultural-festival.de\/"},{"@type":"ListItem","position":2,"name":"Running Order &#8211; Ablaufplan"}]},{"@type":"WebSite","@id":"https:\/\/intercultural-festival.de\/#website","url":"https:\/\/intercultural-festival.de\/","name":"Intercultural Festival","description":"2026","potentialAction":[{"@type":"SearchAction","target":{"@type":"EntryPoint","urlTemplate":"https:\/\/intercultural-festival.de\/?s={search_term_string}"},"query-input":{"@type":"PropertyValueSpecification","valueRequired":true,"valueName":"search_term_string"}}],"inLanguage":"de"}]}},"_links":{"self":[{"href":"https:\/\/intercultural-festival.de\/index.php\/wp-json\/wp\/v2\/pages\/331","targetHints":{"allow":["GET"]}}],"collection":[{"href":"https:\/\/intercultural-festival.de\/index.php\/wp-json\/wp\/v2\/pages"}],"about":[{"href":"https:\/\/intercultural-festival.de\/index.php\/wp-json\/wp\/v2\/types\/page"}],"author":[{"embeddable":true,"href":"https:\/\/intercultural-festival.de\/index.php\/wp-json\/wp\/v2\/users\/1"}],"replies":[{"embeddable":true,"href":"https:\/\/intercultural-festival.de\/index.php\/wp-json\/wp\/v2\/comments?post=331"}],"version-history":[{"count":15,"href":"https:\/\/intercultural-festival.de\/index.php\/wp-json\/wp\/v2\/pages\/331\/revisions"}],"predecessor-version":[{"id":418,"href":"https:\/\/intercultural-festival.de\/index.php\/wp-json\/wp\/v2\/pages\/331\/revisions\/418"}],"wp:attachment":[{"href":"https:\/\/intercultural-festival.de\/index.php\/wp-json\/wp\/v2\/media?parent=331"}],"curies":[{"name":"wp","href":"https:\/\/api.w.org\/{rel}","templated":true}]}}

<h3 class="wp-block-heading has-text-align-center"><strong>11.09.2026</strong></h3>



<p><strong>Einlass: 16:00 Uhr</strong></p>



<h3 class="wp-block-heading has-text-align-center">Bühne 2</h3>



<p><br><strong>Eröffnung Festival: </strong>17:00 Uhr</p>



<h3 class="wp-block-heading has-text-align-center">12.09.2026</h3>



<h3 class="wp-block-heading has-text-align-center">Hauptbühne</h3>



<h3 class="wp-block-heading has-text-align-center">Bühne 2</h3>



<p><br></p>

<p>11.09.2026 Einlass: 16:00 Uhr Bühne 2 Eröffnung Festival: 17:00 Uhr 12.09.2026 Hauptbühne Bühne 2</p>

<!-- This site is optimized with the Yoast SEO plugin v27.5 - https://yoast.com/product/yoast-seo-wordpress/ -->
<title>Running Order - Ablaufplan - Intercultural Festival</title>
<meta name="robots" content="index, follow, max-snippet:-1, max-image-preview:large, max-video-preview:-1" />
<link rel="canonical" href="https://intercultural-festival.de/index.php/running-order-ablaufplan/" />
<meta property="og:locale" content="de_DE" />
<meta property="og:type" content="article" />
<meta property="og:title" content="Running Order - Ablaufplan - Intercultural Festival" />
<meta property="og:description" content="11.09.2026 Einlass: 16:00 Uhr Bühne 2 Eröffnung Festival: 17:00 Uhr 12.09.2026 Hauptbühne Bühne 2" />
<meta property="og:url" content="https://intercultural-festival.de/index.php/running-order-ablaufplan/" />
<meta property="og:site_name" content="Intercultural Festival" />
<meta property="article:modified_time" content="2026-04-29T10:50:27+00:00" />
<meta name="twitter:card" content="summary_large_image" />
<meta name="twitter:label1" content="Geschätzte Lesezeit" />
	<meta name="twitter:data1" content="1 Minute" />
<script type="application/ld+json" class="yoast-schema-graph">{"@context":"https:\/\/schema.org","@graph":[{"@type":"WebPage","@id":"https:\/\/intercultural-festival.de\/index.php\/running-order-ablaufplan\/","url":"https:\/\/intercultural-festival.de\/index.php\/running-order-ablaufplan\/","name":"Running Order - Ablaufplan - Intercultural Festival","isPartOf":{"@id":"https:\/\/intercultural-festival.de\/#website"},"datePublished":"2025-08-26T09:47:05+00:00","dateModified":"2026-04-29T10:50:27+00:00","breadcrumb":{"@id":"https:\/\/intercultural-festival.de\/index.php\/running-order-ablaufplan\/#breadcrumb"},"inLanguage":"de","potentialAction":[{"@type":"ReadAction","target":["https:\/\/intercultural-festival.de\/index.php\/running-order-ablaufplan\/"]}]},{"@type":"BreadcrumbList","@id":"https:\/\/intercultural-festival.de\/index.php\/running-order-ablaufplan\/#breadcrumb","itemListElement":[{"@type":"ListItem","position":1,"name":"Startseite","item":"https:\/\/intercultural-festival.de\/"},{"@type":"ListItem","position":2,"name":"Running Order &#8211; Ablaufplan"}]},{"@type":"WebSite","@id":"https:\/\/intercultural-festival.de\/#website","url":"https:\/\/intercultural-festival.de\/","name":"Intercultural Festival","description":"2026","potentialAction":[{"@type":"SearchAction","target":{"@type":"EntryPoint","urlTemplate":"https:\/\/intercultural-festival.de\/?s={search_term_string}"},"query-input":{"@type":"PropertyValueSpecification","valueRequired":true,"valueName":"search_term_string"}}],"inLanguage":"de"}]}</script>
<!-- / Yoast SEO plugin. -->

11.09.2026 Einlass: 16:00 Uhr Bühne 2 Eröffnung Festival: 17:00 Uhr 12.09.2026 Hauptbühne Bühne 2
